{"id":1805,"date":"2024-01-16T19:24:50","date_gmt":"2024-01-16T18:24:50","guid":{"rendered":"https:\/\/thespis.fr\/?page_id=1805"},"modified":"2026-02-26T14:59:22","modified_gmt":"2026-02-26T13:59:22","slug":"agenda","status":"publish","type":"page","link":"https:\/\/thespis.fr\/index.php\/agenda\/","title":{"rendered":"AGENDA"},"content":{"rendered":"\t\t<div data-elementor-type=\"wp-page\" data-elementor-id=\"1805\" class=\"elementor elementor-1805\">\n\t\t\t\t<div class=\"elementor-element elementor-element-adcc0c4 e-flex e-con-boxed e-con e-parent\" data-id=\"adcc0c4\" data-element_type=\"container\" data-e-type=\"container\">\n\t\t\t\t\t<div class=\"e-con-inner\">\n\t\t<div class=\"elementor-element elementor-element-b5e4e6c e-con-full e-flex e-con e-child\" data-id=\"b5e4e6c\" data-element_type=\"container\" data-e-type=\"container\">\n\t\t\t\t<div class=\"elementor-element elementor-element-b565fdf elementor-widget elementor-widget-image\" data-id=\"b565fdf\" data-element_type=\"widget\" data-e-type=\"widget\" data-widget_type=\"image.default\">\n\t\t\t\t<div class=\"elementor-widget-container\">\n\t\t\t\t\t\t\t\t\t\t\t\t\t\t\t<img fetchpriority=\"high\" decoding=\"async\" width=\"960\" height=\"640\" src=\"https:\/\/thespis.fr\/wp-content\/uploads\/2022\/04\/DSF8767.jpg\" class=\"attachment-large size-large wp-image-1213\" alt=\"\" srcset=\"https:\/\/thespis.fr\/wp-content\/uploads\/2022\/04\/DSF8767.jpg 1000w, https:\/\/thespis.fr\/wp-content\/uploads\/2022\/04\/DSF8767-300x200.jpg 300w, https:\/\/thespis.fr\/wp-content\/uploads\/2022\/04\/DSF8767-768x512.jpg 768w, https:\/\/thespis.fr\/wp-content\/uploads\/2022\/04\/DSF8767-800x534.jpg 800w\" sizes=\"(max-width: 960px) 100vw, 960px\" \/>\t\t\t\t\t\t\t\t\t\t\t\t\t\t\t<\/div>\n\t\t\t\t<\/div>\n\t\t\t\t<\/div>\n\t\t<div class=\"elementor-element elementor-element-0fdba82 e-con-full e-flex e-con e-child\" data-id=\"0fdba82\" data-element_type=\"container\" data-e-type=\"container\">\n\t\t\t\t<div class=\"elementor-element elementor-element-5fe82b8 elementor-widget elementor-widget-text-editor\" data-id=\"5fe82b8\" data-element_type=\"widget\" data-e-type=\"widget\" data-widget_type=\"text-editor.default\">\n\t\t\t\t<div class=\"elementor-widget-container\">\n\t\t\t\t\t\t\t\t\t<h2><strong>saison 25-26<\/strong><\/h2><ul><li>13-14 NOV25 <span style=\"color: #000000;\"><strong><span style=\"font-family: Cabin; font-size: 16px; font-style: normal; text-align: var(--text-align); letter-spacing: 0px;\">\u00a0<span style=\"font-size: 16px; text-align: var(--text-align); letter-spacing: 0px;\">| <span style=\"color: #000000; font-family: Cabin; font-size: 16px; font-style: normal; font-weight: 500; text-align: var(--text-align); letter-spacing: 0px;\"> <span style=\"text-decoration: underline;\"><em><a style=\"color: #000000; text-decoration: underline;\" href=\"https:\/\/thespis.fr\/index.php\/les-creations\/liliade\/\">L&rsquo;Iliade<\/a><\/em><\/span> \u00a0<\/span><span style=\"color: #808080;\">&#8211;<\/span><\/span><\/span><\/strong><\/span> \u00a0Th\u00e9\u00e2tre L\u2019Ile O \u2013 Lyon (69) <span style=\"color: #0000ff;\"><strong><span style=\"text-decoration: underline;\"><a style=\"color: #0000ff; text-decoration: underline;\" href=\"https:\/\/patadome-theatre.mapado.com\/event\/520024-liliade\">BILLETTERIE<\/a><\/span><\/strong><\/span><\/li><li>27 NOV25 <span style=\"color: #000000;\"><strong><span style=\"font-family: Cabin; font-size: 16px; font-style: normal; text-align: var(--text-align); letter-spacing: 0px;\">\u00a0<span style=\"font-size: 16px; text-align: var(--text-align); letter-spacing: 0px;\">| <span style=\"color: #000000; font-family: Cabin; font-size: 16px; font-style: normal; font-weight: 500; text-align: var(--text-align); letter-spacing: 0px;\"> <span style=\"text-decoration: underline;\"><em><a style=\"color: #000000; text-decoration: underline;\" href=\"https:\/\/thespis.fr\/index.php\/les-creations\/liliade\/\">L&rsquo;Iliade<\/a><\/em><\/span> \u00a0<\/span><span style=\"color: #808080;\">&#8211; <\/span><\/span><\/span><\/strong><\/span>Pont du Ch\u00e2teau (63) <span style=\"text-decoration: underline;\"><span style=\"color: #0000ff;\"><strong><a style=\"color: #0000ff; text-decoration: underline;\" href=\"https:\/\/www.billetweb.fr\/liliade-cie-thespis1\">BILLETTERIE<\/a><\/strong><\/span><\/span><\/li><li>4 et 5 MARS26<span style=\"color: #000000;\"><strong><span style=\"font-family: Cabin; font-size: 16px; font-style: normal; text-align: var(--text-align); letter-spacing: 0px;\">\u00a0<span style=\"font-size: 16px; text-align: var(--text-align); letter-spacing: 0px;\">| <span style=\"color: #000000; font-family: Cabin; font-size: 16px; font-style: normal; font-weight: 500; text-align: var(--text-align); letter-spacing: 0px;\"> <span style=\"text-decoration: underline;\"><em><a style=\"color: #000000; text-decoration: underline;\" href=\"https:\/\/thespis.fr\/index.php\/les-creations\/liliade\/\">L&rsquo;Iliade<\/a><\/em><\/span> \u00a0<\/span><span style=\"color: #808080;\">&#8211; <\/span><\/span><\/span><\/strong><\/span>Seclin (59)<\/li><li>27 MARS26<span style=\"color: #000000;\"><strong><span style=\"font-family: Cabin; font-size: 16px; font-style: normal; text-align: var(--text-align); letter-spacing: 0px;\">\u00a0<span style=\"font-size: 16px; text-align: var(--text-align); letter-spacing: 0px;\">| <span style=\"color: #000000; font-family: Cabin; font-size: 16px; font-style: normal; font-weight: 500; text-align: var(--text-align); letter-spacing: 0px;\"> <span style=\"text-decoration: underline;\"><em><a style=\"color: #000000; text-decoration: underline;\" href=\"https:\/\/thespis.fr\/index.php\/les-creations\/liliade\/\">L&rsquo;Iliade<\/a><\/em><\/span> \u00a0<\/span><span style=\"color: #808080;\">&#8211; <\/span><\/span><\/span><\/strong><\/span>Saint Martin La Plaine (42)<\/li><li>31 MARS &#8211; 1er AVRIL 26 <span style=\"color: #000000;\"><strong><span style=\"font-family: Cabin; font-size: 16px; font-style: normal; text-align: var(--text-align); letter-spacing: 0px;\">\u00a0<span style=\"font-size: 16px; text-align: var(--text-align); letter-spacing: 0px;\">| <span style=\"color: #000000; font-family: Cabin; font-size: 16px; font-style: normal; font-weight: 500; text-align: var(--text-align); letter-spacing: 0px;\"> <span style=\"text-decoration: underline;\"><em><a style=\"color: #000000; text-decoration: underline;\" href=\"https:\/\/thespis.fr\/index.php\/les-creations\/liliade\/\">L&rsquo;Iliade<\/a><\/em><\/span> \u00a0<\/span><span style=\"color: #808080;\">&#8211; <\/span><\/span><\/span><\/strong><\/span> Saint Raphael (83)<span style=\"text-decoration: underline; color: #0000ff;\"> <a style=\"color: #0000ff;\" href=\"https:\/\/www.fnacspectacles.com\/artist\/thespis-iliade\/?affiliate=QM0&amp;sv1=affiliate&amp;sv_campaign_id=290127&amp;awc=12494_1753712180_f4fd3e70abdaaa2b15c4c2e7484b1bdd&amp;utm_source=Awin&amp;utm_campaign=290127&amp;utm_medium=affiliate\"><strong>BILLETTERIE<\/strong><\/a><\/span><\/li><li>24 AVRIL 26<span style=\"color: #000000;\"><strong><span style=\"font-family: Cabin; font-size: 16px; font-style: normal; text-align: var(--text-align); letter-spacing: 0px;\">\u00a0<span style=\"font-size: 16px; text-align: var(--text-align); letter-spacing: 0px;\">| <span style=\"color: #000000; font-family: Cabin; font-size: 16px; font-style: normal; font-weight: 500; text-align: var(--text-align); letter-spacing: 0px;\"> <span style=\"text-decoration: underline;\"><em><a style=\"color: #000000; text-decoration: underline;\" href=\"https:\/\/thespis.fr\/index.php\/les-creations\/liliade\/\">L&rsquo;Iliade<\/a><\/em><\/span> \u00a0<\/span><span style=\"color: #808080;\">&#8211; <\/span><\/span><\/span><\/strong><\/span>Lyon 5 &#8211; scolaire (69)<\/li><li>30 AVRIL 26<span style=\"color: #000000;\"><strong><span style=\"font-family: Cabin; font-size: 16px; font-style: normal; text-align: var(--text-align); letter-spacing: 0px;\">\u00a0<span style=\"font-size: 16px; text-align: var(--text-align); letter-spacing: 0px;\">| <span style=\"color: #000000; font-family: Cabin; font-size: 16px; font-style: normal; font-weight: 500; text-align: var(--text-align); letter-spacing: 0px;\"> <span style=\"text-decoration: underline;\"><em><a style=\"color: #000000; text-decoration: underline;\" href=\"https:\/\/thespis.fr\/index.php\/les-creations\/liliade\/\">L&rsquo;Iliade<\/a><\/em><\/span> \u00a0<\/span><span style=\"color: #808080;\">&#8211; <\/span><\/span><\/span><\/strong><\/span>Autun (71) <strong><span style=\"text-decoration: underline; color: #0000ff;\"><a style=\"color: #0000ff; text-decoration: underline;\" href=\"https:\/\/web.digitick.com\/index-css5-autunville-pg1.html\">BILLETTERIE<\/a><\/span><br \/><\/strong><\/li><li>22 MAI 26 <span style=\"color: #000000;\"><strong><span style=\"font-family: Cabin; font-size: 16px; font-style: normal; text-align: var(--text-align); letter-spacing: 0px;\">\u00a0<span style=\"font-size: 16px; text-align: var(--text-align); letter-spacing: 0px;\">| <span style=\"color: #000000; font-family: Cabin; font-size: 16px; font-style: normal; font-weight: 500; text-align: var(--text-align); letter-spacing: 0px;\"> <span style=\"text-decoration: underline;\"><em><a style=\"color: #000000; text-decoration: underline;\" href=\"https:\/\/thespis.fr\/index.php\/les-creations\/liliade\/\">L&rsquo;Iliade<\/a><\/em><\/span> \u00a0<\/span><span style=\"color: #808080;\">&#8211; <\/span><\/span><\/span><\/strong><\/span> St Claude (39)<\/li><\/ul><h2><strong>DATES PASS\u00e9es\u00a0<\/strong><\/h2><p><span style=\"color: #000000;\"><strong><span style=\"font-family: Cabin; font-size: 16px; font-style: normal; text-align: var(--text-align); letter-spacing: 0px;\"><br \/>14 SEPT. 24 | <span style=\"color: #000000; font-family: Cabin; font-size: 16px; font-style: normal; font-weight: 500; text-align: var(--text-align); letter-spacing: 0px;\"> <span style=\"text-decoration: underline;\"><em><a style=\"color: #000000; text-decoration: underline;\" href=\"https:\/\/thespis.fr\/index.php\/les-creations\/liliade\/\">L&rsquo;Iliade<\/a><\/em><\/span> <\/span><span style=\"color: #808080;\"> &#8211; <\/span><\/span><\/strong><\/span><span style=\"font-size: 16px; text-align: var(--text-align); letter-spacing: 0px;\">LUGDUNUM TH\u00c9\u00c2TRE &#8211; FOURVI\u00c8RE LYON<br \/><\/span><span style=\"color: #000000;\"><strong><span style=\"font-family: Cabin; font-size: 16px; font-style: normal; text-align: var(--text-align); letter-spacing: 0px;\">19 et 20 NOV. 24\u00a0<span style=\"color: #000000; font-family: Cabin; font-size: 16px; font-style: normal; font-weight: 500; text-align: var(--text-align); letter-spacing: 0px;\">|<\/span> <\/span><\/strong><a style=\"color: #000000;\" href=\"https:\/\/thespis.fr\/index.php\/les-creations\/shakespeares-ghosts\/\"><span style=\"text-decoration: underline;\"><em><strong>Shakespeare&rsquo;s Ghosts<\/strong><\/em><\/span><\/a> <\/span>&#8211;\u00a0 <span style=\"text-align: var(--text-align);\">TH\u00c9\u00c2TRE TH\u00c9O ARGENCE &#8211; St-PRIEST<br \/><\/span><span style=\"color: #000000;\"><strong>28 NOV. 24 <span style=\"font-family: Cabin; font-size: 16px; font-style: normal; text-align: var(--text-align); letter-spacing: 0px;\"><span style=\"font-family: Cabin; font-size: 16px; font-style: normal; text-align: var(--text-align); letter-spacing: 0px;\">|<\/span> <span style=\"color: #000000; font-family: Cabin; font-size: 16px; font-style: normal; font-weight: 500; text-align: var(--text-align); letter-spacing: 0px;\"> <span style=\"text-decoration: underline;\"><em><a style=\"color: #000000; text-decoration: underline;\" href=\"https:\/\/thespis.fr\/index.php\/les-creations\/liliade\/\">L&rsquo;Iliade<\/a><\/em><\/span>\u00a0<span style=\"color: #808080;\"> &#8211; <\/span><\/span><\/span><\/strong><\/span>TH\u00c9\u00c2TRE LE MARAIS &#8211; CHALLANS<br \/><span style=\"color: #000000;\"><strong>5 D\u00c9C. 24<\/strong><strong> <span style=\"font-family: Cabin; font-size: 16px; font-style: normal; text-align: var(--text-align); letter-spacing: 0px;\">| <span style=\"color: #000000; font-family: Cabin; font-size: 16px; font-style: normal; font-weight: 500; text-align: var(--text-align); letter-spacing: 0px;\"> <span style=\"text-decoration: underline;\"><em><a style=\"color: #000000; text-decoration: underline;\" href=\"https:\/\/thespis.fr\/index.php\/les-creations\/liliade\/\">L&rsquo;Iliade<\/a><\/em><\/span> <\/span><\/span><\/strong><\/span><span style=\"color: #808080;\"><span style=\"font-family: Cabin; font-size: 16px; font-style: normal; text-align: var(--text-align); letter-spacing: 0px;\"> &#8211; <\/span><\/span>TH\u00c9\u00c2TRE MUNICIPAL &#8211; VAL DE MORTEAU\u00a0<br \/><span style=\"color: #000000;\"><strong>9 JANV. 25<\/strong><\/span> <span style=\"color: #000000;\"><strong><span style=\"font-family: Cabin; font-size: 16px; font-style: normal; text-align: var(--text-align); letter-spacing: 0px;\">| <span style=\"color: #000000; font-family: Cabin; font-size: 16px; font-style: normal; font-weight: 500; text-align: var(--text-align); letter-spacing: 0px;\"> <span style=\"text-decoration: underline;\"><em><a style=\"color: #000000; text-decoration: underline;\" href=\"https:\/\/thespis.fr\/index.php\/les-creations\/liliade\/\">L&rsquo;Iliade<\/a><\/em><\/span> <\/span><\/span><\/strong><\/span><span style=\"color: #808080;\"><span style=\"font-family: Cabin; font-size: 16px; font-style: normal; text-align: var(--text-align); letter-spacing: 0px;\"> &#8211; TH\u00c9\u00c2TRE JEAN MARAIS &#8211; ST FONS<br \/><\/span><\/span><span style=\"color: #000000;\"><strong>16 JAN. 25<\/strong><\/span> <span style=\"color: #000000;\"><strong><span style=\"font-family: Cabin; font-size: 16px; font-style: normal; text-align: var(--text-align); letter-spacing: 0px;\">| <span style=\"color: #000000; font-family: Cabin; font-size: 16px; font-style: normal; font-weight: 500; text-align: var(--text-align); letter-spacing: 0px;\"> <span style=\"text-decoration: underline;\"><em><a style=\"color: #000000; text-decoration: underline;\" href=\"https:\/\/thespis.fr\/index.php\/les-creations\/liliade\/\">L&rsquo;Iliade<\/a><\/em><\/span> <\/span><\/span><\/strong><\/span><span style=\"color: #808080;\"><span style=\"font-family: Cabin; font-size: 16px; font-style: normal; text-align: var(--text-align); letter-spacing: 0px;\"> &#8211; CCMA &#8211; MAYENNE<br \/><\/span><\/span><span style=\"color: #000000;\"><strong>17 JAN. 25<\/strong><\/span> <span style=\"color: #000000;\"><strong><span style=\"font-family: Cabin; font-size: 16px; font-style: normal; text-align: var(--text-align); letter-spacing: 0px;\">| <span style=\"color: #000000; font-family: Cabin; font-size: 16px; font-style: normal; font-weight: 500; text-align: var(--text-align); letter-spacing: 0px;\"> <span style=\"text-decoration: underline;\"><em><a style=\"color: #000000; text-decoration: underline;\" href=\"https:\/\/thespis.fr\/index.php\/les-creations\/liliade\/\">L&rsquo;Iliade<\/a><\/em><\/span> <\/span><\/span><\/strong><\/span><span style=\"color: #808080;\"><span style=\"font-family: Cabin; font-size: 16px; font-style: normal; text-align: var(--text-align); letter-spacing: 0px;\"> &#8211; ESPACE CULTUREL &#8211; LA CHAPELLE ST AUBIN\u00a0<br \/><\/span><\/span><span style=\"font-size: 16px; text-align: var(--text-align); letter-spacing: 0px;\"><span style=\"color: #000000;\"><strong>28 JAN. 25<\/strong><\/span> <span style=\"color: #000000;\"><strong><span style=\"font-family: Cabin; font-size: 16px; font-style: normal; text-align: var(--text-align); letter-spacing: 0px;\">| <span style=\"color: #000000; font-family: Cabin; font-size: 16px; font-style: normal; font-weight: 500; text-align: var(--text-align); letter-spacing: 0px;\"> <span style=\"text-decoration: underline;\"><em><a style=\"color: #000000; text-decoration: underline;\" href=\"https:\/\/thespis.fr\/index.php\/les-creations\/liliade\/\">L&rsquo;Iliade<\/a><\/em><\/span> <\/span><\/span><\/strong><\/span><span style=\"color: #808080;\"><span style=\"font-family: Cabin; font-size: 16px; font-style: normal; text-align: var(--text-align); letter-spacing: 0px;\"> &#8211; POLE EN SCENES &#8211; BRON<br \/><\/span><\/span><\/span><span style=\"color: #000000;\"><strong>6 FEV. 25<\/strong><\/span> <span style=\"color: #000000;\"><strong><span style=\"font-family: Cabin; font-size: 16px; font-style: normal; text-align: var(--text-align); letter-spacing: 0px;\">| <span style=\"color: #000000; font-family: Cabin; font-size: 16px; font-style: normal; font-weight: 500; text-align: var(--text-align); letter-spacing: 0px;\"> <span style=\"text-decoration: underline;\"><em><a style=\"color: #000000; text-decoration: underline;\" href=\"https:\/\/thespis.fr\/index.php\/les-creations\/liliade\/\">L&rsquo;Iliade<\/a><\/em><\/span> <\/span><\/span><\/strong><\/span><span style=\"color: #808080;\"><span style=\"font-family: Cabin; font-size: 16px; font-style: normal; text-align: var(--text-align); letter-spacing: 0px;\"> &#8211; LA MERISE &#8211; TRAPPES<br \/><\/span><\/span><span style=\"color: #000000;\"><strong>13 FEV. 25<\/strong><\/span> <span style=\"color: #000000;\"><strong><span style=\"font-family: Cabin; font-size: 16px; font-style: normal; text-align: var(--text-align); letter-spacing: 0px;\">| <span style=\"color: #000000; font-family: Cabin; font-size: 16px; font-style: normal; font-weight: 500; text-align: var(--text-align); letter-spacing: 0px;\"> <span style=\"text-decoration: underline;\"><em><a style=\"color: #000000; text-decoration: underline;\" href=\"https:\/\/thespis.fr\/index.php\/les-creations\/liliade\/\">L&rsquo;Iliade<\/a><\/em><\/span> <\/span><\/span><\/strong><\/span><span style=\"color: #808080;\"><span style=\"font-family: Cabin; font-size: 16px; font-style: normal; text-align: var(--text-align); letter-spacing: 0px;\"> &#8211; ESPACE CULTUREL JEAN BLANC &#8211; LA RAVOIRE<br \/><\/span><\/span><span style=\"color: #000000;\"><strong>6 et 7 MARS 25<\/strong><\/span> <span style=\"color: #000000;\"><strong><span style=\"font-family: Cabin; font-size: 16px; font-style: normal; text-align: var(--text-align); letter-spacing: 0px;\">| <span style=\"color: #000000; font-family: Cabin; font-size: 16px; font-style: normal; font-weight: 500; text-align: var(--text-align); letter-spacing: 0px;\"> <span style=\"text-decoration: underline;\"><em><a style=\"color: #000000; text-decoration: underline;\" href=\"https:\/\/thespis.fr\/index.php\/les-creations\/liliade\/\">L&rsquo;Iliade<\/a><\/em><\/span> <\/span><\/span><\/strong><\/span><span style=\"color: #808080;\"><span style=\"font-family: Cabin; font-size: 16px; font-style: normal; text-align: var(--text-align); letter-spacing: 0px;\"> &#8211; TH\u00c9\u00c2TRE L&rsquo;ASTROLABE &#8211; SORGUES <br \/><\/span><\/span><span style=\"color: #000000;\"><strong>13 MARS 25<\/strong><\/span> <span style=\"color: #000000;\"><strong><span style=\"font-family: Cabin; font-size: 16px; font-style: normal; text-align: var(--text-align); letter-spacing: 0px;\">| <span style=\"color: #000000; font-family: Cabin; font-size: 16px; font-style: normal; font-weight: 500; text-align: var(--text-align); letter-spacing: 0px;\"> <span style=\"text-decoration: underline;\"><em><a style=\"color: #000000; text-decoration: underline;\" href=\"https:\/\/thespis.fr\/index.php\/les-creations\/liliade\/\">L&rsquo;Iliade<\/a><\/em><\/span> <\/span><\/span><\/strong><\/span><span style=\"color: #808080;\"><span style=\"font-family: Cabin; font-size: 16px; font-style: normal; text-align: var(--text-align); letter-spacing: 0px;\"> &#8211; LES TRANSMETTEURS &#8211; RILLIEUX LA PAPE<br \/><\/span><\/span><span style=\"color: #000000;\"><strong>20 MARS 25<\/strong><\/span> <span style=\"color: #000000;\"><strong><span style=\"font-family: Cabin; font-size: 16px; font-style: normal; text-align: var(--text-align); letter-spacing: 0px;\">| <span style=\"color: #000000; font-family: Cabin; font-size: 16px; font-style: normal; font-weight: 500; text-align: var(--text-align); letter-spacing: 0px;\"> <span style=\"text-decoration: underline;\"><em><a style=\"color: #000000; text-decoration: underline;\" href=\"https:\/\/thespis.fr\/index.php\/les-creations\/liliade\/\">L&rsquo;Iliade<\/a><\/em><\/span> <\/span><\/span><\/strong><\/span><span style=\"color: #808080;\"><span style=\"font-family: Cabin; font-size: 16px; font-style: normal; text-align: var(--text-align); letter-spacing: 0px;\"> &#8211; CIN\u00c9MA TH\u00c9\u00c2TRE \u00c9DEN &#8211; CREST<br \/><\/span><\/span><span style=\"color: #000000;\"><strong>28 MARS 25<\/strong><\/span> <span style=\"color: #000000;\"><strong><span style=\"font-family: Cabin; font-size: 16px; font-style: normal; text-align: var(--text-align); letter-spacing: 0px;\">| <span style=\"color: #000000; font-family: Cabin; font-size: 16px; font-style: normal; font-weight: 500; text-align: var(--text-align); letter-spacing: 0px;\"> <span style=\"text-decoration: underline;\"><em><a style=\"color: #000000; text-decoration: underline;\" href=\"https:\/\/thespis.fr\/index.php\/les-creations\/liliade\/\">L&rsquo;Iliade<\/a><\/em><\/span> <\/span><\/span><\/strong><\/span><span style=\"color: #808080;\"><span style=\"font-family: Cabin; font-size: 16px; font-style: normal; text-align: var(--text-align); letter-spacing: 0px;\"> &#8211; TH\u00c9\u00c2TRE MUNICIPAL &#8211; YSSINGEAUX\u00a0<br \/><\/span><\/span><span style=\"color: #000000;\"><strong>11 AVR. 25<\/strong><\/span> <span style=\"color: #000000;\"><strong><span style=\"font-family: Cabin; font-size: 16px; font-style: normal; text-align: var(--text-align); letter-spacing: 0px;\">| <span style=\"color: #000000; font-family: Cabin; font-size: 16px; font-style: normal; font-weight: 500; text-align: var(--text-align); letter-spacing: 0px;\"> <span style=\"text-decoration: underline;\"><em><a style=\"color: #000000; text-decoration: underline;\" href=\"https:\/\/thespis.fr\/index.php\/les-creations\/liliade\/\">L&rsquo;Iliade<\/a><\/em><\/span> <\/span><\/span><\/strong><\/span><span style=\"color: #808080;\"><span style=\"font-family: Cabin; font-size: 16px; font-style: normal; text-align: var(--text-align); letter-spacing: 0px;\"> &#8211; ESPACE CULTUREL L&rsquo;ESCALE &#8211; ST GENIS LES OLLIERES<br \/><\/span><\/span><span style=\"color: #000000;\"><strong>16 MAI 25<\/strong><\/span> <span style=\"color: #000000;\"><strong><span style=\"font-family: Cabin; font-size: 16px; font-style: normal; text-align: var(--text-align); letter-spacing: 0px;\">| <span style=\"color: #000000; font-family: Cabin; font-size: 16px; font-style: normal; font-weight: 500; text-align: var(--text-align); letter-spacing: 0px;\"> <span style=\"text-decoration: underline;\"><em><a style=\"color: #000000; text-decoration: underline;\" href=\"https:\/\/thespis.fr\/index.php\/les-creations\/liliade\/\">L&rsquo;Iliade<\/a><\/em><\/span> <\/span><\/span><\/strong><\/span><span style=\"color: #808080;\"><span style=\"font-family: Cabin; font-size: 16px; font-style: normal; text-align: var(--text-align); letter-spacing: 0px;\"> &#8211; TH\u00c9\u00c2TRE MUNICIPAL &#8211; FERNEY VOLTAIRE\u00a0<br \/><\/span><\/span><span style=\"font-size: 16px; text-align: var(--text-align); letter-spacing: 0px;\"><span style=\"color: #000000;\"><strong>22 MAI 25<\/strong><\/span> <span style=\"color: #000000;\"><strong><span style=\"font-family: Cabin; font-size: 16px; font-style: normal; text-align: var(--text-align); letter-spacing: 0px;\">| <span style=\"color: #000000; font-family: Cabin; font-size: 16px; font-style: normal; font-weight: 500; text-align: var(--text-align); letter-spacing: 0px;\"> <span style=\"text-decoration: underline;\"><em><a style=\"color: #000000; text-decoration: underline;\" href=\"https:\/\/thespis.fr\/index.php\/les-creations\/liliade\/\">L&rsquo;Iliade<\/a><\/em><\/span> <\/span><\/span><\/strong><\/span><span style=\"color: #808080;\"><span style=\"font-family: Cabin; font-size: 16px; font-style: normal; text-align: var(--text-align); letter-spacing: 0px;\"> &#8211; TH\u00c9\u00c2TRE MUNICIPAL &#8211; ST DIDIER AU MONT D&rsquo;OR<br \/><span style=\"color: #000000;\"><strong><strong style=\"color: #000000;\">JUILLET 25<\/strong>\u00a0| <span style=\"color: #000000; font-family: Cabin; font-size: 16px; font-style: normal; font-weight: 500; text-align: var(--text-align); letter-spacing: 0px;\"> <span style=\"text-decoration: underline;\"><em><a style=\"color: #000000; text-decoration: underline;\" href=\"https:\/\/thespis.fr\/index.php\/les-creations\/liliade\/\">L&rsquo;Iliade<\/a><\/em><\/span> <\/span> &#8211; <span style=\"color: #808080;\">FESTIVAL AVIGNON OFF \/\/ TH\u00c9\u00c2TRE LA FACTORY salle TOMASI\u00a0<\/span><\/strong><\/span><br \/><\/span><\/span><\/span><\/p>\t\t\t\t\t\t\t\t<\/div>\n\t\t\t\t<\/div>\n\t\t\t\t<\/div>\n\t\t\t\t\t<\/div>\n\t\t\t\t<\/div>\n\t\t\t\t<\/div>\n\t\t","protected":false},"excerpt":{"rendered":"<p>saison 25-26 13-14 NOV25 \u00a0| L&rsquo;Iliade \u00a0&#8211; \u00a0Th\u00e9\u00e2tre L\u2019Ile O \u2013 Lyon (69) BILLETTERIE 27 NOV25 \u00a0| L&rsquo;Iliade \u00a0&#8211; Pont du Ch\u00e2teau (63) BILLETTERIE 4 et 5 MARS26\u00a0| L&rsquo;Iliade \u00a0&#8211; Seclin (59) 27 MARS26\u00a0| L&rsquo;Iliade \u00a0&#8211; Saint Martin La Plaine (42) 31 MARS &#8211; 1er AVRIL 26 \u00a0| L&rsquo;Iliade \u00a0&#8211; Saint Raphael (83) BILLETTERIE 24 AVRIL 26\u00a0| L&rsquo;Iliade \u00a0&#8211; Lyon 5 &#8211; scolaire (69) 30 AVRIL 26\u00a0| L&rsquo;Iliade \u00a0&#8211; Autun (71) BILLETTERIE 22 MAI 26 \u00a0| L&rsquo;Iliade \u00a0&#8211; St Claude [&hellip;]<\/p>\n","protected":false},"author":3,"featured_media":0,"parent":0,"menu_order":0,"comment_status":"closed","ping_status":"closed","template":"","meta":{"footnotes":""},"class_list":["post-1805","page","type-page","status-publish","hentry"],"_links":{"self":[{"href":"https:\/\/thespis.fr\/index.php\/wp-json\/wp\/v2\/pages\/1805","targetHints":{"allow":["GET"]}}],"collection":[{"href":"https:\/\/thespis.fr\/index.php\/wp-json\/wp\/v2\/pages"}],"about":[{"href":"https:\/\/thespis.fr\/index.php\/wp-json\/wp\/v2\/types\/page"}],"author":[{"embeddable":true,"href":"https:\/\/thespis.fr\/index.php\/wp-json\/wp\/v2\/users\/3"}],"replies":[{"embeddable":true,"href":"https:\/\/thespis.fr\/index.php\/wp-json\/wp\/v2\/comments?post=1805"}],"version-history":[{"count":74,"href":"https:\/\/thespis.fr\/index.php\/wp-json\/wp\/v2\/pages\/1805\/revisions"}],"predecessor-version":[{"id":2122,"href":"https:\/\/thespis.fr\/index.php\/wp-json\/wp\/v2\/pages\/1805\/revisions\/2122"}],"wp:attachment":[{"href":"https:\/\/thespis.fr\/index.php\/wp-json\/wp\/v2\/media?parent=1805"}],"curies":[{"name":"wp","href":"https:\/\/api.w.org\/{rel}","templated":true}]}}